st the prime factors of 1349094.
2, 3, 37, 59, 103
List the prime factors of 368658.
2, 3, 6827
List the prime factors of 1567626.
2, 3, 261271
List the prime factors of 318142.
2, 11, 14461
What are the prime factors of 4079285?
5, 7, 29, 4019
What are the prime factors of 35037850?
2, 5, 17, 41221
List the prime factors of 15639728.
2, 13, 17, 4423
List the prime factors of 8195302.
2, 79, 51869
What are the prime factors of 144332?
2, 36083
What are the prime factors of 3687654?
2, 3, 614609
What are the prime factors of 4971409?
4971409
List the prime factors of 64556.
2, 16139
List the prime factors of 2839628.
2, 11, 5867
List the prime factors of 274037.
19, 14423
List the prime factors of 11257538.
2, 19, 296251
List the prime factors of 254214.
2, 3, 29, 487
List the prime factors of 7449073.
113, 65921
What are the prime factors of 1453110?
2, 3, 5, 48437
What are the prime factors of 337503?
3, 112501
List the prime factors of 280299.
3, 233, 401
What are the prime factors of 18959076?
2, 3, 349, 503
List the prime factors of 417425.
5, 59, 283
List the prime factors of 1101474.
2, 3, 11, 5563
List the prime factors of 548589.
3, 107, 1709
List the prime factors of 4705826.
2, 2352913
List the prime factors of 193054.
2, 96527
List the prime factors of 4185828.
2, 3, 116273
List the prime factors of 7688485.
5, 7, 107, 2053
What are the prime factors of 3392067?
3, 7, 161527
List the prime factors of 1031538.
2, 3, 171923
What are the prime factors of 409976?
2, 7, 7321
List the prime factors of 8347755.
3, 5, 13, 37, 89
List the prime factors of 1254208.
2, 19597
List the prime factors of 20781442.
2, 11, 337, 2803
List the prime factors of 13495273.
11, 23, 41, 1301
List the prime factors of 5746968.
2, 3, 19, 4201
What are the prime factors of 1617734?
2, 808867
List the prime factors of 9323800.
2, 5, 46619
What are the prime factors of 167246?
2, 17, 4919
List the prime factors of 966907.
966907
What are the prime factors of 147423?
3, 157, 313
What are the prime factors of 1192502?
2, 596251
What are the prime factors of 363653?
23, 97, 163
List the prime factors of 34181.
7, 19, 257
What are the prime factors of 13215872?
2, 223, 463
List the prime factors of 214804.
2, 83, 647
List the prime factors of 148817.
148817
What are the prime factors of 2337334?
2, 433, 2699
List the prime factors of 259303.
11, 2143
List the prime factors of 2206450.
2, 5, 44129
What are the prime factors of 346515?
3, 5, 13, 1777
List the prime factors of 446230.
2, 5, 44623
What are the prime factors of 164810?
2, 5, 16481
List the prime factors of 307521.
3, 47, 727
What are the prime factors of 300001?
13, 47, 491
List the prime factors of 40558931.
7, 5794133
List the prime factors of 10482758.
2, 11, 13, 36653
What are the prime factors of 6114310?
2, 5, 137, 4463
What are the prime factors of 42172?
2, 13, 811
List the prime factors of 37086219.
3, 811, 5081
What are the prime factors of 1826666?
2, 349, 2617
What are the prime factors of 8516642?
2, 277, 15373
List the prime factors of 108541.
108541
What are the prime factors of 2350895?
5, 470179
What are the prime factors of 5516840?
2, 5, 7, 17, 19, 61
List the prime factors of 5136162.
2, 3, 211, 4057
List the prime factors of 295465.
5, 59093
List the prime factors of 62597.
62597
List the prime factors of 942470.
2, 5, 79, 1193
List the prime factors of 27737525.
5, 41, 27061
List the prime factors of 669304.
2, 83663
What are the prime factors of 5702810?
2, 5, 37, 15413
List the prime factors of 105646.
2, 101, 523
List the prime factors of 2192940.
2, 3, 5, 31, 131
What are the prime factors of 736302?
2, 3, 7, 47, 373
List the prime factors of 3610071.
3, 401119
List the prime factors of 15246176.
2, 11, 43313
List the prime factors of 34480834.
2, 241, 71537
List the prime factors of 18519477.
3, 17, 173, 2099
List the prime factors of 658590.
2, 3, 5, 29, 757
What are the prime factors of 5015775?
3, 5, 66877
List the prime factors of 2194939.
2194939
List the prime factors of 1954441.
1954441
List the prime factors of 299027.
299027
List the prime factors of 3259216.
2, 31, 6571
List the prime factors of 40185.
3, 5, 19, 47
List the prime factors of 146984.
2, 19, 967
List the prime factors of 12516429.
3, 29, 47, 3061
What are the prime factors of 12276049?
12276049
What are the prime factors of 307814?
2, 13, 11839
What are the prime factors of 937183?
13, 72091
List the prime factors of 181765.
5, 36353
What are the prime factors of 481089?
3, 7, 31, 739
List the prime factors of 8672185.
5, 113, 15349
List the prime factors of 3143614.
2, 1571807
What are the prime factors of 2242562?
2, 7, 160183
What are the prime factors of 259485?
3, 5, 17299
What are the prime factors of 7627195?
5, 277, 5507
What are the prime factors of 3035332?
2, 37, 20509
List the prime factors of 850135.
5, 11, 13, 29, 41
List the prime factors of 2939908.
2, 19, 101, 383
List the prime factors of 34379.
31, 1109
List the prime factors of 10174642.
2, 41, 167, 743
What are the prime factors of 3452181?
3, 149, 7723
List the prime factors of 21096400.
2, 5, 13, 4057
What are the prime factors of 943232?
2, 7369
List the prime factors of 20854392.
2, 3, 13, 66841
List the prime factors of 2217345.
3, 5, 13, 83, 137
List the prime factors of 8955304.
2, 53, 21121
List the prime factors of 168338.
2, 73, 1153
What are the prime factors of 1993542?
2, 3, 53, 6269
What are the prime factors of 293484?
2, 3, 37, 661
What are the prime factors of 604922?
2, 19, 15919
What are the prime factors of 1870526?
2, 7, 19087
List the prime factors of 23545724.
2, 479, 12289
What are the prime factors of 616306?
2, 308153
List the prime factors of 616468.
2, 229, 673
List the prime factors of 2051692.
2, 23, 29, 769
What are the prime factors of 105598?
2, 37, 1427
List the prime factors of 211708.
2, 7, 7561
List the prime factors of 496881.
3, 7, 11, 239
What are the prime factors of 1357115?
5, 23, 11801
What are the prime factors of 137068?
2, 34267
List the prime factors of 18844613.
23, 431, 1901
What are the prime factors of 2702765?
5, 13, 43, 967
List the prime factors of 1211968.
2, 29, 653
List the prime factors of 1332773.
13, 157, 653
List the prime factors of 419630.
2, 5, 29, 1447
What are the prime factors of 16951015?
5, 277, 12239
List the prime factors of 36999605.
5, 269, 27509
What are the prime factors of 402376?
2, 13, 53, 73
List the prime factors of 34522534.
2, 47, 367261
List the prime factors of 1634763.
3, 13, 167, 251
What are the prime factors of 207678?
2, 3, 34613
What are the prime factors of 129091?
167, 773
List the prime factors of 116430.
2, 3, 5, 3881
What are the prime factors of 10460416?
2, 29, 1409
List the prime factors of 327670.
2, 5, 7, 31, 151
What are the prime factors of 1207300?
2, 5, 12073
List the prime factors of 273379.
167, 1637
List the prime factors of 13963168.
2, 53, 8233
What are the prime factors of 664445?
5, 17, 7817
What are the prime factors of 26132?
2, 47, 139
List the prime factors of 5298430.
2, 5, 41, 12923
List the prime factors of 3915827.
31, 126317
List the prime factors of 19329.
3, 17, 379
List the prime factors of 18768600.
2, 3, 5, 10427
What are the prime factors of 182665?
5, 7, 17, 307
What are the prime factors of 34715?
5, 53, 131
What are the prime factors of 283504?
2, 13, 29, 47
What are the prime factors of 13084352?
2, 204443
What are the prime factors of 13782084?
2, 3, 1148507
List the prime factors of 7699699.
7, 1099957
List the prime factors of 2168257.
7, 13, 23827
What are the prime factors of 275184?
2, 3, 7, 13
What are the prime factors of 263016?
2, 3, 13, 281
List the prime factors of 156969.
3, 107, 163
List the prime factors of 103474.
2, 7, 19, 389
What are the prime factors of 11981577?
3, 3993859
List the prime factors of 929793.
3, 309931
List the prime factors of 6821587.
103, 643
List the prime factors of 905928.
2, 3, 37747
List the prime factors of 51309.
3, 5701
What are the prime factors of 880930?
2, 5, 88093
What are the prime factors of 45087?
3, 7, 19, 113
What are the prime factors of 11967329?
11, 677, 1607
What are the prime factors of 23588379?
3, 863, 3037
What are the prime factors of 